0. Let j = i - r. Let n(y) = -y**2 - 4*y + 7. Calculate n(j).
-5
Let b(h) = h + 1. Let a be b(1). Let z(d) = -2*d**3 + 4*d**2 - 4*d + 2. Let l be z(a). Let y = l + 6. Let t(r) = -r**3 + r**2 - r + 9. What is t(y)?
9
Let b(x) be the second derivative of 2*x**3/3 - 2*x - 16. Calculate b(3).
12
Let k be (-94)/14 - (-22)/(-77). Let a(r) = r**2 + 8*r + 4. Give a(k).
-3
Let m(c) = -c**3 + 8*c**2 + 9*c + 1. Let a(w) = -w**2 + 10*w - 12. Let r be a(7). Give m(r).
1
Let v(w) = -2*w - 1. Suppose 3*o = 4 - 13. What is v(o)?
5
Let u(q) be the third derivative of q**5/60 - q**4/24 - 2*q**3/3 + 2*q**2. Suppose -2*h - 10 = 0, 4*z = h - 5*h - 12. Suppose -3*o + z*o + 3 = 0. What is u(o)?
2
Let n(q) = 0 + q + q - 2. Suppose -3 - 4 = -i. Let l = i - 3. Calculate n(l).
6
Let p(f) = -7*f**2 + f + 1. Let o(x) = x**2 - 4*x + 2. Let n be o(4). Suppose n*m + 5*r + 16 = -1, -4*r - 16 = 4*m. Calculate p(m).
-7
Let m(u) = -17 - 21 - 2*u**3 + u + u**2 + 2*u + 39. Calculate m(-2).
15
Let v(y) be the third derivative of -y**4/8 - y**2. Let q = -9 + 12. Suppose 0 = q*n - 4 - 2. What is v(n)?
-6
Let s be 2/4*0/(-2). Suppose q + 3*q - 12 = s. Suppose 0 = 4*u + q*c + 10, u - 3*c = -u + 4. Let v(p) = 6*p**2 - 1. Give v(u).
5
Suppose g + 3 = 8. Let i(l) = -7*l**2 + g*l**2 - l - 4*l**2. Calculate i(-1).
-5
Suppose 5*h - 17 = -3*f, h + 21 = 6*h - f. Suppose 20 - h = 4*s. Let p(k) = k + 3. Calculate p(s).
7
Suppose -3 = t + 1. Let k(i) be the third derivative of -i**6/360 - i**5/24 - i**4/24 - 2*i**2. Let s(v) be the second derivative of k(v). Calculate s(t).
3
Let z be 172/16 - 2/(-8). Suppose f + 3*g = -f + z, -f = -g - 3. Let p(i) be the second derivative of -i**3/6 + i. What is p(f)?
-4
Let x(o) = -o + 3. Let f be x(0). Suppose 10 = f*j + 4. Let d(s) = 2*s**3 + 2*s + 5*s**j - s**2 - s**3 - 1 - 4*s. Determine d(-4).
7
Suppose -2 = 4*g + 2. Let v(s) = -10*s**3 - 6*s**2 + 4*s + 5. Let r(h) = -30*h**3 - 17*h**2 + 11*h + 14. Let j(n) = 6*r(n) - 17*v(n). Calculate j(g).
11
Let l(q) = 2*q**2 + 2*q - 1. Suppose 3*k = 8*k + 10. What is l(k)?
3
Let g(v) = v - 2. Let n be g(3). Let b(l) = -6*l**2 - 6*l - 3. Let t(y) = y**2 + y + 1. Suppose 2*f + 4 = 3*f. Let u(p) = f*t(p) + b(p). What is u(n)?
-3
Let f(k) = -2*k**2 - 3*k - 3. Suppose -y + 0*y + 3 = 0. Suppose -5*l - 7 = y. Give f(l).
-5
Let c(y) = y**3 - y**2 - 3*y - 1. Let n be ((-52)/(-12))/((-1)/3). Let h = n + 10. Let k = h - -6. Determine c(k).
8
Let d(p) be the third derivative of -p**4/12 - p**3/2 + 14*p**2. Calculate d(-4).
5
Let x = -113 + 111. Let z(w) = -w**3 - w**2 - 1. Calculate z(x).
3
Let i(k) be the second derivative of k**3/6 + 3*k**2 - k. Determine i(-5).
1
Let n(r) = r**3 + 5*r**2 - r - 5. Let d = 0 - -2. Let l be d/(4*(-2)/20). Calculate n(l).
0
Let q(x) = 3*x**3 + 12*x**2 + 2*x. Let c(r) be the second derivative of r**5/20 + r**4/3 + r**3/6 + 4*r. Let s(i) = 7*c(i) - 2*q(i). Let p = -6 - -4. Give s(p).
2
Let w(o) = o - 7*o + o**2 - 5*o**2 + o**3 - o**2 - 5. Determine w(6).
-5
Let y(d) be the second derivative of d**3/6 - 9*d**2/2 - 42*d. Suppose -2*w - 4 = -0*o + 4*o, 4*o = -4*w - 16. Let c be (-2 - (0 + w)) + 1. Determine y(c).
-4
Let s(x) be the first derivative of x**4/4 - 7*x**2/2 - 1. Let c be 8/28 + (-80)/(-14). Let q(j) = 6*j. Let k(d) = c*q(d) + 5*s(d). Calculate k(1).
6
Let j = 9 + -5. Let l(c) = c**2 - 3*c + 2. Let u be l(j). Let w(o) = -o**3 + 6*o**2 + 6. Determine w(u).
6
Let h(y) be the third derivative of -y**6/120 - y**5/15 + y**4/4 - y**3/6 - 2*y**2. Let x be ((-15)/9)/((-1)/(-3)). Give h(x).
-6
Let z(o) = o + 2. Let w(h) = h**2 + 7*h + 4. Let g(l) = l**2 + 7*l + 4. Let p(k) = -4*g(k) + 3*w(k). Let i be p(-5). Let n be (-8)/i*(-9)/(-6). Calculate z(n).
0
Let n(o) = 2*o**2 + 8*o - 2. Suppose -30 = -0*i + 5*i. Give n(i).
22
Suppose -1 = g - 4. Let d(a) = -a**2 + a. Determine d(g).
-6
Let y(s) be the first derivative of s**4/4 - 2*s**3/3 - 3*s**2/2 + 3*s - 25. What is y(4)?
23
Suppose -2 = m - 8. Let g be (-2)/m - 4/(-3). Let s(f) = -2*f**2 + f. Calculate s(g).
-1
Let l(o) = 2*o - 7. Let x(z) = 3*z - 8. Let t(m) = -7*l(m) + 6*x(m). What is t(1)?
5
Let i(h) = h**2 + 2*h. Let r be i(-3). Suppose -c = 3*b + 4, -3*c - 2*b + 2 = -0*b. Let y(o) = 3*o**3 - 4*o**2 - r - c*o**3 - o - 2*o**3. Determine y(-4).
1
Let f(c) be the second derivative of 1/3*c**3 - 3*c + 0*c**2 + 0. Calculate f(-3).
-6
Suppose 0 = -u - 3. Suppose 4*l = -4*m + 8, -7*l + 2*l = -m - 10. Let i(s) = 4*s**2 - 6*s**2 - s + s**l. Give i(u).
-6
Suppose -4*d = -5*s + 23, -s = 4*s + d - 13. Let b(z) = -3 - s - 5*z + z + 3*z. Determine b(-4).
-2
Let c(z) = z**2 + 5*z - 2. Let k be c(-6). Let u(q) be the third derivative of 1/3*q**3 + 1/15*q**5 + 0*q - 1/120*q**6 + 1/24*q**4 - q**2 + 0. What is u(k)?
6
Let b(n) = n**2 - n - 1. Let i be b(2). Let l(c) = 4 - c**2 - c - 4 - i - 1. What is l(0)?
-2
Let y(d) = 3 + d - 2 + 0. Give y(3).
4
Let g = 1 + -5. Let x(u) be the second derivative of u**5/20 + u**4/3 + u**3/3 + 5*u**2/2 - 6*u. What is x(g)?
-3
Let b(f) = -5*f**2 - f + 1. Let u be (-3)/3*(-3 + 2). Calculate b(u).
-5
Suppose 68 = 10*t + 7*t. Let j(z) be the second derivative of -z**4/12 + 2*z**3/3 - 5*z**2/2 - z. Calculate j(t).
-5
Let k(c) = -c**2 + c + 3*c - c + 2 - 4*c. Give k(2).
-4
Let a(z) be the third derivative of 1/60*z**5 - 1/12*z**4 + 0*z + 1/3*z**3 + 0 - 3*z**2. Calculate a(3).
5
Let i(f) = f**3 + 4*f**2 + 2*f - 3. Suppose -3*s - 3*s = 18. Calculate i(s).
0
Let r(b) = -2*b + 1. Suppose c = -3 + 7, -5*c - 10 = -5*k. Suppose 3*x - 12 = 5*g, 3*x - 4*g - k - 3 = 0. Let n(w) = 2*w. Let h be n(x). Determine r(h).
5
Suppose -2*i = -5*h + 5 + 12, -i + 14 = 2*h. Let n = 8 - h. Let a(k) = -k**3 - k**2 - k. Let o(d) = 4*d**2 + 4. Let c(l) = -a(l) - o(l). What is c(n)?
-1
Let n(a) be the second derivative of a**5/60 - a**4/4 + a**3/2 - 3*a. Let c(v) be the second derivative of n(v). What is c(4)?
2
Let a(h) = -h**2 - h + 14. Let l be a(-4). Let i(y) = 2*y**3 - 3*y + 3. What is i(l)?
13
Let c(x) = 5*x**3 - 7*x**2 + x + 1. Let l(b) be the third derivative of -b**6/120 + b**5/60 - 2*b**2. Let q(u) = -c(u) - 4*l(u). Calculate q(3).
-4
Let s(c) = 0 + 7 + 1 - 2 + 3*c. Suppose 1 + 19 = 5*k. Suppose 0*x = k*x + 16. What is s(x)?
-6
Let y(k) = -2*k**2 - 2*k - 1. Suppose 2*s - 6*s - 7 = -5*j, 16 = -j - 5*s. Let q be y(j). Let h(p) = 3*p**2 - p. Determine h(q).
4
Let l(m) = 230*m - 116*m - 113*m + 8. Calculate l(-7).
1
Let s(t) = -3*t - 3. Suppose -3*r + 0*r = -9. Suppose 2*c - r*x + 4 = -2*x, 4*x = 0. Give s(c).
3
Suppose -5*h + 15 = -0. Let u(l) be the third derivative of l**6/120 - l**5/30 - l**4/6 + 2*l**2. What is u(h)?
-3
Let l(g) be the first derivative of -g**3/3 + 5*g + 33. Give l(-4).
-11
Suppose 3*a + u - 4*u = 9, 0 = 3*a + 4*u - 37. Let l(b) = -b + 7. Give l(a).
0
Let q be 34/7 - (-2)/14. Suppose -21 = q*m - 6. Let w(f) = f**3 + 3*f**2 - f - 2. Calculate w(m).
1
Suppose b - 12 = -4*l, -3*l = 3*b + 2*b - 26. Let y(a) = 5*a - 3. Determine y(l).
7
Let b be (10/(-25))/((-2)/(-10)). Let z(q) = q**2 + 8*q - 3*q + 4 - 1. What is z(b)?
-3
Let f(k) = k**2 + k. Let z be f(1). Let u(n) = 3*n + n + n + n**z. Calculate u(-4).
-4
Let u(l) be the third derivative of l**6/120 - l**5/60 - l**3/3 - 3*l**2. Let w be u(2). Let c(h) = -1 - 4*h + 6*h - h - h**w + 0. What is c(1)?
-1
Let o(h) = -h - 7. Let v be o(-5). Suppose -2*u + 8 = 2. Let y(r) = -8*r**3 + 7*r**u - 3*r**3 + 5*r**3 + 3*r**2 + 3*r. Calculate y(v).
-2
Let a(x) = -x + 4. Suppose -2*g - 72 = 4*g. Let m = g + 9. What is a(m)?
7
Let s(u) = u**3 + 12*u**2 + 10*u - 13. Let m(o) = o**3 + 11*o**2 + 12*o + 9. Let l be m(-10). What is s(l)?
-2
Suppose 0 = -2*p - 3*p + 25. Suppose -p*q = -3*o + 47, -6 = -2*o + 2. Let k(c) = -c**3 - 8*c**2 - 5*c + 10. Determine k(q).
-4
Let x(h) be the third derivative of h**5/60 + h**4/24 + 3*h**2. Let w be x(1). Let u(b) = -3 - 2*b**w + 0 + b + 0*b**2 - 3*b. Determine u(-2).
-7
Let j(s) = s - 3. Let y = 24 + -28. Calculate j(y).
-7
Suppose 4*d = 4*m, -3*m = -8 + 2. Suppose -2*w + 2 = -d. Let h(n) = -11*n - 15. Let i(l) = 5*l + 7. Let b(s) = 6*h(s) + 13*i(s). What is b(w)?
-1
Let a(i) = -i**2 - 6*i + 4. Let m(p) = p**2 + 6*p - 3. Let d(s) = 5*a(s) + 6*m(s). Determine d(-5).
-3
Let j be 2*(3 + 2/(-2)). Let f(i) be the third derivative of -1/24*i**j + 2*i**2 + 0 + 0*i - 1/6*i**3. 